
-914ba
Convert -11232051 (base 6) to base 8.
-1244577
Convert -313285 (base 16) to base 7.
-36255664
What is -310625 (base 8) in base 10?
-102805
Convert -1025269 (base 10) to base 16.
-fa4f5
What is 20230332 (base 5) in base 10?
164467
Convert 201808 (base 11) to base 13.
b4877
Convert -b3c3 (base 16) to base 13.
-17c3c
-122107 (base 8) to base 3
-2010200121
Convert -220052311 (base 6) to base 13.
-a76071
-10011110110100110 (base 2) to base 3
-11010112210
-10a6090 (base 12) to base 15
-434430
What is c3214 (base 16) in base 2?
11000011001000010100
Convert -a7a84 (base 12) to base 11.
-141046
Convert 172a38 (base 14) to base 4.
3012302122
What is -1527777 (base 11) in base 5?
-1132210341
Convert 10130152 (base 6) to base 13.
a29b0
-5c031 (base 16) to base 8
-1340061
What is 6c8cd (base 15) in base 3?
122120221211
Convert 32251 (base 8) to base 16.
34a9
Convert 115547 (base 14) to base 9.
1100630
Convert 30421101 (base 5) to base 7.
2052560
Convert 10020021212001 (base 3) to base 11.
a73961
What is -82647 (base 9) in base 15?
-1121a
Convert -245737 (base 9) to base 15.
-2e05d
-649b8 (base 14) to base 16
-3b6c6
What is -1111000000110010010 (base 2) in base 13?
-142ba2
-10011011110110101001110 (base 2) to base 9
-10543458
-12188a (base 11) to base 6
-4044134
Convert 4330da (base 14) to base 16.
22b698
What is -4000444014 (base 5) in base 16?
-777229
Convert -4c0734 (base 14) to base 8.
-11760712
-19455 (base 13) to base 15
-e820
1110100100101101 (base 2) to base 5
3402233
What is 12568817 (base 9) in base 6?
340335154
What is 139142 (base 10) in base 14?
389ca
Convert -11011010111101000 (base 2) to base 13.
-3c045
Convert -143420442 (base 5) to base 11.
-4819aa
What is 21021012121022 (base 3) in base 8?
16566701
Convert -3112130 (base 6) to base 14.
-3c6c6
What is 20010323 (base 4) in base 12?
1718b
-593c39 (base 13) to base 9
-3884068
What is -1645553 (base 7) in base 16?
-382cd
What is 540096 (base 12) in base 7?
14165304
-17346021 (base 9) to base 2
-100001001110101010111000
What is -281246 (base 9) in base 15?
-35c49
What is -76038 (base 12) in base 16?
-25fac
-7704543 (base 8) to base 5
-1012114122
53042031 (base 6) to base 5
343422113
What is -11222303203 (base 4) in base 8?
-5526343
What is -132033011310 (base 4) in base 3?
-112220200121110
What is 482a6 (base 16) in base 13?
a4709
10011000101100010 (base 2) to base 9
128214
Convert -101121022120010 (base 3) to base 9.
-11538503
27831 (base 12) to base 10
54757
What is -156197 (base 10) in base 4?
-212020211
Convert 857205 (base 9) to base 7.
4224146
What is 1663520 (base 8) in base 15?
98b6a
Convert -7ac3 (base 13) to base 6.
-211432
Convert -145202 (base 8) to base 11.
-35a4a
What is 301120302 (base 4) in base 5?
22433130
What is 1350423 (base 6) in base 4?
102231033
-234024414 (base 5) to base 3
-2000212110102
What is -42009 (base 10) in base 16?
-a419
Convert -3432233 (base 7) to base 6.
-13102202
Convert b6951 (base 12) to base 13.
8520a
What is -563630 (base 7) in base 5?
-11143120
What is -1011201222020 (base 3) in base 16?
-9885c
What is -140230404 (base 5) in base 4?
-2231222322
-75702 (base 11) to base 16
-1ada7
What is -2712542 (base 8) in base 16?
-b9562
Convert 109c6b (base 14) to base 9.
1050881
What is 3643372 (base 8) in base 6?
33243122
Convert 4462364 (base 7) to base 16.
87095
103cc7 (base 15) to base 2
10111100100100100011
687898 (base 10) to base 8
2477432
Convert 113003330 (base 4) to base 3.
11210120112
Convert -445555 (base 6) to base 15.
-b208
Convert 1f355 (base 16) to base 2.
11111001101010101
Convert -21b75a (base 13) to base 11.
-4a4527
Convert -20121100022 (base 3) to base 16.
-1fbdd
1110001010111011111110 (base 2) to base 10
3714814
Convert 34152a (base 14) to base 9.
3288184
Convert 1817c (base 14) to base 16.
ed02
What is 220768 (base 12) in base 2?
10000011111001000000
What is 123687a (base 12) in base 4?
31210201132
Convert -11000121201012 (base 3) to base 2.
-1000001001111101011010
Convert 4a751c (base 15) to base 8.
15471617
What is -13773 (base 11) in base 8?
-46151
Convert 1011705 (base 8) to base 15.
5428a
Convert -21701 (base 8) to base 7.
-35454
What is -80952 (base 13) in base 5?
-24330301
What is -66b0b (base 15) in base 12?
-138b32
Convert -1231126 (base 8) to base 14.
-8c182
What is -2032418 (base 11) in base 13?
-9891b0
1205233 (base 6) to base 15
13ba6
1c07292 (base 13) to base 9
18441610
Convert 10010001010010111101 (base 2) to base 13.
17ab66
Convert -402424433 (base 5) to base 13.
-443c65
6751262 (base 8) to base 14
356718
Convert -40201120 (base 5) to base 15.
-6475a
Convert -404423 (base 7) to base 10.
-68813
-1bba82 (base 14) to base 13
-289a94
Convert 203404224 (base 5) to base 2.
11001101010111100101
718438 (base 9) to base 2
1101000000001101111
-64143 (base 7) to base 16
-3df2
Convert -1010101010101101011 (base 2) to base 6.
-11254135
-1943f (base 16) to base 2
-11001010000111111
-43424251 (base 6) to base 12
-525087
What is 2ecead (base 15) in base 14?
431a49
Convert -124233244 (base 5) to base 9.
-1141600
What is -722a8b (base 12) in base 13?
-4a7c86
143301000 (base 6) to base 9
5515260
1010222011 (base 4) to base 8
1045205
Convert 2dbd1e (base 16) to base 2.
1011011011110100011110
Convert -23548 (base 9) to base 7.
-63641
What is -2030440343 (base 5) in base 11?
-2389290
30136030 (base 7) to base 2
1001100001100011001110
What is 21114330 (base 5) in base 7?
1332514
Convert 5919 (base 12) to base 10.
9957
1554480 (base 9) to base 5
210102203
-1002121211002012 (base 3) to base 14
-213b26a
a14b19 (base 14) to base 3
101012212022010
What is 5312111 (base 6) in base 11?
167140
What is -3833796 (base 10) in base 5?
-1440140141
Convert -1cb8b85 (base 13) to base 11.
-5478745
14b344 (base 15) to base 11
623134
11312212021 (base 4) to base 2
101110110100110001001
Convert 54656 (base 10) to base 9.
82868
Convert 10201001201 (base 3) to base 9.
121051
What is 10302222133 (base 4) in base 16?
132a9f
40624 (base 7) to base 4
2122330
What is 256154134 (base 7) in base 4?
332133313231
Convert -3316b7 (base 13) to base 9.
-2233081
Convert b3b05 (base 12) to base 16.
39575
Convert 120120202000220 (base 3) to base 6.
453300040
111312203322 (base 4) to base 11
3262a03
59090 (base 11) to base 2
10100110100100011
b09df (base 16) to base 7
6102051
Convert 231000223 (base 4) to base 14.
4b28b
736c1 (base 13) to base 11
132049
328349 (base 12) to base 9
1452463
What is -121120300 (base 4) in base 8?
-313060
What is 260534 (base 8) in base 16?
1615c
Convert -15c13e (base 15) to base 9.
-1874745
-963ef (base 16) to base 4
-2112033233
110110221111 (base 3) to base 8
737600
Convert 114950 (base 10) to base 16.
1c106
Convert 20111330103 (base 4) to base 10.
2187027
What is -56023 (base 10) in base 2?
-1101101011010111
-3d1869 (base 15) to base 7
-34000605
Convert 51244411 (base 7) to base 9.
8043241
-241adc (base 15) to base 4
-12211221222
20203244 (base 6) to base 3
1002021100201
33435000 (base 6) to base 4
3320000220
-139a94a (base 12) to base 6
-220222134
What is 1000010000111111101 (base 2) in base 12?
1108a5
What is 24c650 (base 15) in base 4?
12232131213
Convert 110010010000111000 (base 2) to base 10.
205880
What is 4aa080 (base 11) in base 2?
11000100010010101100
What is 51ae9b (base 15) in base 16?
3b4602
Convert -74316 (base 10) to base 2.
-10010001001001100
What is -131010000133 (base 4) in base 15?
-a07561
Convert -3070688 (base 11) to base 15.
-7204e7
Convert 222104044 (base 5) to base 4.
3231121233
What is 15c60 (base 16) in base 15?
1b659
What is -11110111010111000 (base 2) in base 15?
-277d3
What is -11001111001001010001010 (base 2) in base 11?
-3916797
What is 1022000102101 (base 3) in base 5?
134023322
Convert 20bae (base 15) to base 11.
71065
Convert -1111011101010110110 (base 2) to base 16.
-7bab6
What is -44c9b (base 16) in base 11?
-182761
Convert -413000 (base 5) to base 14.
-4cc4
What is 33000220 (base 4) in base 5?
3431410
-1405641 (base 9) to base 2
-10111100011011011101
-5e2d19 (base 15) to base 11
-2604480
-224314404 (base 5) to base 16
-f6bac
-1c0d9e (base 16) to base 2
-111000000110110011110
Convert -2011221102112 (base 3) to base 16.
-11b3d6
Convert 12100212121201 (base 3) to base 11.
1678477
What is -3547c (base 16) in bas